be c(-9). Calculate the greatest common factor of a and 283.
283
Let c(l) = 33*l**2 + 150*l. Let d be c(-5). Calculate the highest common factor of d and 10050.
75
Let r be ((-7)/(7/(-4)))/((-2)/4). Let s = r - -44. Let c = 48 + s. What is the greatest common factor of c and 12?
12
Let w = 100 - 93. Let y(h) = 5*h - 7. Let i be y(w). Let j be (-6)/(-14) - (-772)/i. What is the greatest common factor of 42 and j?
14
Suppose -1956 = 97*x - 100*x + v, -2*x + 1304 = -2*v. What is the greatest common factor of 6 and x?
2
Let n(f) = 4*f - 6*f**2 + 2*f**3 - 8 - f**3 + 4. Let s be n(6). Suppose 248 = 26*r - 20 - 252. What is the highest common factor of s and r?
20
Let q be -4 + (-245)/(-3 + -2). Let n be 6/q - 172/(-60). Suppose 3*c + 660 = 3*o, -278 = -2*o + n*c + 166. What is the greatest common factor of o and 24?
24
Let n(c) = -c**3 - 20*c**2 - 9*c + 21. Let h be n(-20). Calculate the greatest common divisor of h and 3216.
201
Suppose 9*g = 24130 - 22042. What is the greatest common factor of 2378 and g?
58
Let w(y) = -y**3 - 6*y**2 - 3*y - 144. Let r be w(-8). Calculate the greatest common factor of 2144 and r.
8
Suppose -145 + 85 = -3*m. Calculate the greatest common factor of 1330 and m.
10
Suppose 2*t + 10 = 4*x, -t - t = -x + 4. Suppose 5*s - 515 = 2*l, -x*s - 4*l = -3*s + 85. What is the highest common divisor of 140 and s?
35
Let f(i) = 7*i - 10 + 0*i**2 - 3*i**2 + 5*i**2 - 3*i**2. Let c be f(3). Suppose 73 - 31 = c*q. Calculate the highest common factor of q and 7.
7
Suppose 13*d = 793 - 169. Suppose -u + 74 = d. Suppose 52 = 2*a - r, -a - r = 2*a - 78. Calculate the highest common factor of u and a.
26
Let l(x) = x**2 - 122*x - 900. Let v be l(-7). What is the highest common factor of v and 6243?
3
Suppose -6*c - 6993 = -36*c + 2457. Calculate the highest common factor of 875 and c.
35
Let p be ((-27)/(-12))/(2/32). Let x(r) = r**2 - 15*r - 71. Let d be x(-4). Let c be (-3)/d*(-520)/78. What is the greatest common factor of c and p?
4
Let a be (2/(-5))/((-2)/90). Let l(g) = 2*g**2 + 4*g - 94. Let s be l(15). Suppose 5*n - s - 214 = 0. Calculate the highest common divisor of a and n.
18
Let w be -1*2/(-6)*-3. Let a be 1/w - 3/(30/(-350)). What is the highest common divisor of a and 34?
34
Let v = 171 - 167. Suppose -127 = -v*p - 8*f + 3*f, 2*f = -5*p + 163. What is the greatest common divisor of 3 and p?
3
Suppose -5*y = -4*w - 97116, -78*w - 24 = -82*w. Calculate the greatest common factor of y and 24.
12
Let f = 35782 + -16698. What is the greatest common divisor of 52 and f?
52
Suppose 5*f + 112 = 562*h - 558*h, 4*h - 112 = f. What is the greatest common divisor of h and 1162?
14
Let t be -1 + -1 + -3 + 3. Let r be t + (8 - 4 - -7). Suppose 3*l + 5*w - 155 = -2*l, 4*w = l - 11. What is the greatest common factor of l and r?
9
Suppose -3*k + 86 = -442. Let v be (4 + -6)/(-2) - -4. Suppose -2*n - 2*w = -k, 9 = -v*w - 1. Calculate the greatest common divisor of 10 and n.
10
Let z be (0 + -3 + 3)*(-2)/6. Suppose z = k - 2*k + 90. Calculate the highest common factor of k and 10.
10
Let j(u) = 26*u + 272. Let m be j(20). Suppose m = 2*o + 15*z - 19*z, -3*o + 5*z = -1190. What is the highest common divisor of o and 320?
80
Let q be 3 - (-114 + 2 + 1). Let g = -155 - -22. Let i = g - -152. Calculate the greatest common divisor of q and i.
19
Suppose 3 = y, 3*y + 328 = q - 0*q. Let x = q - 326. Calculate the highest common divisor of 4 and x.
1
Let t = 8 + -8. Suppose 4*n - 64 = -k - t*k, 5*k + 5*n - 290 = 0. Suppose -114 = -12*z - 30. Calculate the highest common divisor of z and k.
7
Let v(u) = -5*u. Let x be v(-1). Let f(p) = 5*p - 5. Let h be f(x). Let t be ((-1224)/27)/68*-3. Calculate the highest common factor of t and h.
2
Let i = 402 - -5194. What is the greatest common factor of i and 4?
4
Let g(m) = 913*m + 8247. Let u be g(-9). Let c be 1 + 0 + -4 + 701. Let q = -368 + c. What is the greatest common factor of u and q?
30
Suppose 4*d - 3772 = -4*l, -4 = 9*l - 13*l. Suppose 0 = 8*n - 9426 - d. Calculate the highest common factor of n and 81.
81
Let c(l) = 3*l + 5. Let y be c(-3). Let d(m) = 2*m**2 + 13*m + 38. Let f be d(y). What is the highest common factor of 18 and f?
18
Suppose -4*y + 9*y = -4*v + 4867, -5*v + 15 = 0. Suppose 3*t + y = 5*t - 3*l, 4*t - 1937 = l. Calculate the highest common divisor of 22 and t.
22
Let o = 22039 - 22033. Suppose -4*c + 66 = 10. What is the greatest common factor of o and c?
2
Suppose -5*l = -h + 5555, 1843*h - 5627 = 1842*h - 3*l. Calculate the greatest common divisor of 336 and h.
112
Let k be (-970)/35 + 2/(-7). Let a = k + 80. Let o = a + -38. What is the greatest common divisor of 56 and o?
14
Let h(z) = -223*z - 709. Let n be h(-20). What is the highest common factor of 121 and n?
121
Let o be 10/(-2)*-5*(-24)/(-300). Suppose 9 - 45 = -o*v. What is the greatest common factor of v and 1098?
18
Let n be 12/(-4) - 1 - -417. Let z = -206 + n. Let p = -7 + 30. Calculate the highest common divisor of p and z.
23
Let o(r) = -r**3 + 12*r**2 + 64*r + 11. Let l be o(16). Let b be (12 - 13 - (-60)/3)*l. Calculate the greatest common divisor of 11 and b.
11
Let v = 1676 + -1566. What is the greatest common factor of v and 1155?
55
Suppose -21*j + 18*j + 18721 = 4*x, -j = x - 4682. What is the highest common divisor of 50 and x?
25
Suppose 112*x - 2412 = 7452 + 9624. Calculate the highest common factor of 102 and x.
6
Suppose -508*i + 519*i - 100111 = 0. What is the highest common divisor of i and 19?
19
Let h be -2*(204/(-119) - -4*3/(-42)). Let m(i) = -i**2 - 15*i + 16. Let a be m(-12). Calculate the highest common divisor of a and h.
4
Let s(r) = 15*r - 6. Suppose -5*k = -4*q - 17, -5 = 2*k - 3*k. Let a be s(q). What is the greatest common divisor of a and 408?
24
Let i = -4841 + 4876. What is the highest common divisor of i and 215?
5
Let f be -7*((-8)/(-2*1) - (-15004)/(-217)). What is the greatest common divisor of f and 798?
114
Let s(z) = -74 - 42*z + 19*z + 6*z**2 + 6*z. Let m be s(-4). What is the greatest common factor of m and 20?
10
Let g(y) = -y**3 - 7*y**2 - 10*y - 2. Let x be g(-6). Suppose -19*p = -x*p + 48. What is the greatest common factor of 48 and p?
16
Let p(b) = b**3 - 11*b**2 + 20*b - 5. Let f be p(9). Suppose -h + 3*q + 110 = 0, 3*h + 3*q - 395 + 89 = 0. Calculate the greatest common divisor of f and h.
13
Suppose 915 = -p - 4*p. Let h be (1 + p/21)*-7. Suppose 6 = -4*v + h. What is the greatest common divisor of 48 and v?
12
Let x be 0 + (9 - 7) + 28. Let u be 34*(-14)/21*x/(-8). Calculate the greatest common factor of u and 15.
5
Let i(q) = q**3 - 12*q**2 + 2*q - 8. Let p be i(13). Suppose 410 = -11*n + 6*n. Let u = p + n. Calculate the greatest common factor of 42 and u.
21
Let s(i) be the second derivative of -i**3/6 + i**2 + 36*i. Suppose -19*f - 1 - 18 = 0. Let r be s(f). Calculate the greatest common divisor of r and 51.
3
Let n(b) = 8*b**2 + 5*b + 3. Let d be n(-3). Let t = -14983 - -15028. Calculate the greatest common divisor of t and d.
15
Let r = 12970 - 9010. Calculate the greatest common divisor of r and 216.
72
Let a = -51 + 16. Let u = 41 + a. Let p be 1/u + (-33)/(-18). Calculate the greatest common divisor of 22 and p.
2
Let z be (-4524)/(-54) - (-10)/27*(-33)/(-55). What is the greatest common factor of 2646 and z?
42
Let k = -372 - -369. Let m be (5/20 - k)*12. What is the highest common factor of m and 273?
39
Suppose -327 = -20*l + 5833. What is the highest common factor of 140 and l?
28
Let j(z) = z**2 - 25*z + 39. Let r be j(21). Let m be ((-8)/6)/(((-50)/r)/(-5)). What is the greatest common factor of m and 9?
3
Suppose -15*v + 3 = -14*v. Let f be (0 - 6)*4/(v*-4). Suppose 0 = f*r - 7 - 7. Calculate the greatest common divisor of 21 and r.
7
Let x be (-1 + 4)*8160/360. Calculate the greatest common divisor of x and 25.
1
Let f(d) = d**2 + 6*d + 35. Suppose -43*m + 30*m = 104. Let g be f(m). What is the greatest common divisor of 459 and g?
51
Let t(n) = -7*n + 72. Let d be t(10). Let v be (-61 - -4)*(1 - d)/1. What is the greatest common factor of v and 513?
57
Suppose -9 = t + 3*d, 2*d - 53 = -5*t - 7. Let s be ((-2 - -4) + 2)*5. What is the highest common divisor of t and s?
4
Suppose -v + 26 + 33 = 0. Suppose -60*n + 74 = -v*n. Let a = n + -50. Calc